
{"id":872,"date":"2023-05-29T22:12:38","date_gmt":"2023-05-29T20:12:38","guid":{"rendered":"https:\/\/przedszkole148.edu.wroclaw.pl\/?page_id=872"},"modified":"2025-10-03T11:48:10","modified_gmt":"2025-10-03T09:48:10","slug":"religia","status":"publish","type":"page","link":"https:\/\/przedszkole148.edu.wroclaw.pl\/index.php\/religia\/","title":{"rendered":"Religia"},"content":{"rendered":"<p>Dokumenty do pobrania (kliknij w link poni\u017cej):<\/p>\n<p><a href=\"https:\/\/przedszkole148.edu.wroclaw.pl\/wp-content\/uploads\/sites\/68\/2023\/05\/Zgoda-na-udzial-w-zajeciach-z-religii.pdf\">Zgoda na udzia\u0142 w zaj\u0119ciach z religii<\/a><\/p>\n<p><a href=\"https:\/\/przedszkole148.edu.wroclaw.pl\/wp-content\/uploads\/sites\/68\/2023\/05\/Rezygnacja-z-zajec-z-religii.pdf\">Rezygnacja z zaj\u0119\u0107 z religii<\/a><\/p>\n","protected":false},"excerpt":{"rendered":"<p>Dokumenty do pobrania (kliknij w link poni\u017cej): Zgoda na udzia\u0142 w zaj\u0119ciach z religii Rezygnacja z zaj\u0119\u0107 z religii<\/p>\n","protected":false},"author":263,"featured_media":0,"parent":0,"menu_order":0,"comment_status":"closed","ping_status":"closed","template":"","meta":{"ngg_post_thumbnail":0,"footnotes":""},"class_list":["post-872","page","type-page","status-publish","hentry","clearfix"],"_links":{"self":[{"href":"https:\/\/przedszkole148.edu.wroclaw.pl\/index.php\/wp-json\/wp\/v2\/pages\/872","targetHints":{"allow":["GET"]}}],"collection":[{"href":"https:\/\/przedszkole148.edu.wroclaw.pl\/index.php\/wp-json\/wp\/v2\/pages"}],"about":[{"href":"https:\/\/przedszkole148.edu.wroclaw.pl\/index.php\/wp-json\/wp\/v2\/types\/page"}],"author":[{"embeddable":true,"href":"https:\/\/przedszkole148.edu.wroclaw.pl\/index.php\/wp-json\/wp\/v2\/users\/263"}],"replies":[{"embeddable":true,"href":"https:\/\/przedszkole148.edu.wroclaw.pl\/index.php\/wp-json\/wp\/v2\/comments?post=872"}],"version-history":[{"count":1,"href":"https:\/\/przedszkole148.edu.wroclaw.pl\/index.php\/wp-json\/wp\/v2\/pages\/872\/revisions"}],"predecessor-version":[{"id":875,"href":"https:\/\/przedszkole148.edu.wroclaw.pl\/index.php\/wp-json\/wp\/v2\/pages\/872\/revisions\/875"}],"wp:attachment":[{"href":"https:\/\/przedszkole148.edu.wroclaw.pl\/index.php\/wp-json\/wp\/v2\/media?parent=872"}],"curies":[{"name":"wp","href":"https:\/\/api.w.org\/{rel}","templated":true}]}}