
{"id":634,"date":"2023-02-12T17:19:18","date_gmt":"2023-02-12T16:19:18","guid":{"rendered":"https:\/\/przedszkole148.edu.wroclaw.pl\/?page_id=634"},"modified":"2025-10-01T08:34:28","modified_gmt":"2025-10-01T06:34:28","slug":"logopeda-pedagog-specjalny-psycholog","status":"publish","type":"page","link":"https:\/\/przedszkole148.edu.wroclaw.pl\/index.php\/logopeda-pedagog-specjalny-psycholog\/","title":{"rendered":"Logopeda, pedagog specjalny, psycholog"},"content":{"rendered":"<div class=\"wpb-content-wrapper\"><p>[vc_row css=&#8221;.vc_custom_1676616857868{background: #008728 url(https:\/\/przedszkola.edu.wroclaw.pl\/wp-content\/uploads\/sites\/30\/2021\/06\/tlo.png?id=) !important;}&#8221;][vc_column][vc_tta_tabs][vc_tta_section title=&#8221;Cele&#8221; tab_id=&#8221;1606484233605-1d21e2ea-ef57&#8243;][vc_column_text css=&#8221;&#8221;]<\/p>\n<h2 style=\"text-align: center\"><em><strong><span style=\"font-size: 24pt;color: #0000ff\">Cele<\/span><\/strong><\/em><span style=\"color: #237e15;font-size: 32px\"><br \/>\n<\/span><\/h2>\n<p style=\"text-align: center\"><em><span style=\"text-decoration: underline\"><span style=\"color: #3366ff;text-decoration: underline\">Zaj\u0119cia logopedyczne<\/span><\/span><\/em> wychodz\u0105 naprzeciw potrzebom j\u0119zykowym dzieci. G\u0142\u00f3wnym celem tych zaj\u0119\u0107 jest profilaktyka wad wymowy i zaburze\u0144 mowy, a tak\u017ce wspomaganie rozwoju kompetencji j\u0119zykowych, kt\u00f3re decydowa\u0107 b\u0119d\u0105 o powodzeniu i sukcesach dziecka w edukacji szkolnej. Nie mniej wa\u017cna jest tak\u017ce korekta powsta\u0142ych ju\u017c wad czy zaburze\u0144. Okres przedszkolny to czas, kiedy terapia jest najbardziej efektywna. Nie wolno czeka\u0107 w nadziei, \u017ce dziecko wyro\u015bnie, \u017ce jeszcze dojrzeje i zaczyna\u0107 terapi\u0119 dopiero w szkole. Wprawdzie na terapi\u0119 nigdy nie jest za p\u00f3\u017ano, ale b\u0119dzie to zadanie z r\u00f3\u017cnych powod\u00f3w o wiele trudniejsze.<\/p>\n<p style=\"text-align: center\"><span style=\"text-decoration: underline\"><em><span style=\"color: #3366ff;text-decoration: underline\">Terapia pedagogiczna<\/span><\/em><\/span> to specjalistyczne dzia\u0142ania maj\u0105ce na celu niesienie pomocy dzieciom ujawniaj\u0105cym r\u00f3\u017cnego rodzaju nieprawid\u0142owo\u015bci rozwoju i zachowania. Ukierunkowana jest ona na korygowanie i kompensowanie zaburze\u0144 psychoruchowego rozwoju dziecka jako jednej z przyczyn niepowodze\u0144 szkolnych. Udzielanie pomocy dzieciom w sferze rozwoju umys\u0142owego, psychicznego i spo\u0142ecznego odbywa si\u0119 przez zabaw\u0119. \u00a0Terapia pedagogiczna\u00a0\u00a0\u00a0\u00a0\u00a0\u00a0\u00a0\u00a0\u00a0\u00a0\u00a0 w przedszkolu obejmuje usprawnianie funkcji odpowiedzialnych za uczenie si\u0119 matematyki oraz usprawnianie funkcji s\u0142uchowych, wzrokowych, ruchowych i ich w\u0142a\u015bciwej koordynacji.<br \/>\nPodczas pracy z dzieckiem stosowane s\u0105 metody wspieraj\u0105ce i stymuluj\u0105ce naturalny rozw\u00f3j dziecka oraz anga\u017cuj\u0105ce wiele zmys\u0142\u00f3w: s\u0142uch, wzrok, dotyk<\/p>\n<p style=\"text-align: center\">W ramach\u00a0<em><span style=\"color: #3366ff\"><span style=\"text-decoration: underline\">terapii psychologicznej<\/span>\u00a0<\/span><\/em>w przedszkolu prowadzone s\u0105 zaj\u0119cia indywidualne z psychologiem. Zaj\u0119cia poprzedza obserwacja dziecka, analiza dost\u0119pnej dokumentacji oraz diagnoza przeprowadzona przez psychologa.\u00a0Celem\u00a0terapii psychologicznej\u00a0jest pr\u00f3ba zatrzymania pog\u0142\u0119biaj\u0105cych si\u0119 nieprawid\u0142owo\u015bci w rozwoju dziecka oraz wspomo\u017cenie jego rozwoju spo\u0142ecznego i emocjonalnego. Nauka wi\u0119kszej samodzielno\u015bci prowadzi do poprawy jako\u015bci \u017cycia zar\u00f3wno dziecka, jak i os\u00f3b mu bliskich.<\/p>\n<p>[\/vc_column_text][\/vc_tta_section][vc_tta_section title=&#8221;Psycholog&#8221; tab_id=&#8221;1665950466563-f8f585c0-2375&#8243;][vc_column_text css=&#8221;&#8221;]<\/p>\n<h2 style=\"text-align: center\"><span style=\"font-size: 24pt\"><span style=\"color: #3366ff\">Psycholog<\/span><\/span><\/h2>\n<div>\n<div>\n<div style=\"text-align: center\">Bliskie jest mi podej\u015bcie, w kt\u00f3rym najwa\u017cniejsze s\u0105 relacje, zaufanie i uwa\u017cno\u015b\u0107 na dziecko &#8211; jego emocje, potrzeby i codzienne do\u015bwiadczenia. Tworz\u0119 przestrze\u0144, w kt\u00f3rej dzieci mog\u0105 czu\u0107 si\u0119 bezpiecznie, by\u0107 sob\u0105 i rozwija\u0107 swoje kompetencje emocjonalne i spo\u0142eczne.<\/div>\n<div style=\"text-align: center\">W codziennej pracy pozostaj\u0119 w kontakcie z rodzicami i opiekunami oraz z zespo\u0142em przedszkola. Wierz\u0119, \u017ce dzi\u0119ki takiej wsp\u00f3\u0142pracy jeste\u015bmy w stanie skuteczniej wspiera\u0107 dzieci w ich rozwoju oraz w radzeniu sobie z trudno\u015bciami.<\/div>\n<div><\/div>\n<\/div>\n<\/div>\n<div style=\"text-align: center\">\n<p style=\"text-align: center\">Serdecznie zapraszam Pa\u0144stwa do kontaktu i skorzystania z konsultacji.<\/p>\n<p style=\"text-align: center\">Spotkania odbywaj\u0105 si\u0119 w pi\u0105tki, po wcze\u015bniejszym um\u00f3wieniu si\u0119 mailowo: patnie9449@edu.wroclaw.pl<\/p>\n<\/div>\n<div>\n<div>\n<div style=\"text-align: center\"><\/div>\n<div style=\"text-align: center\">Patrycja Niedzio\u0142ko<\/div>\n<\/div>\n<\/div>\n<div><\/div>\n<p>[\/vc_column_text][\/vc_tta_section][vc_tta_section title=&#8221;Pedagog specjalny&#8221; tab_id=&#8221;1665950270141-ea9ab6bb-56aa&#8221;][vc_column_text css=&#8221;&#8221;]<\/p>\n<h2 style=\"text-align: center\"><span style=\"font-size: 24pt;color: #008000\">Pedagog specjalny<\/span><\/h2>\n<p style=\"text-align: center\">Pedagog specjalny ma za zadanie diagnozowa\u0107\u00a0 indywidualne potrzeby rozwojowe i edukacyjne oraz mo\u017cliwo\u015bci psychofizyczne uczni\u00f3w w celu okre\u015blenia mocnych stron, predyspozycji, zainteresowa\u0144 i uzdolnie\u0144, a tak\u017ce przyczyn niepowodze\u0144 edukacyjnych lub trudno\u015bci w funkcjonowaniu w \u017cyciu przedszkolnym.\u00a0 Udzielanie pomocy dzieciom, opiera si\u0119 na terapii poprzez zabaw\u0119 i obejmuje wspomaganie rozwoju poznawczego, emocjonalnego i spo\u0142ecznego. Usprawniane s\u0105 funkcje percepcji wzrokowej i s\u0142uchowej, koordynacji wzrokowo \u2013 ruchowej, koncentracji uwagi, motoryki ma\u0142ej i du\u017cej, a tak\u017ce samoregulacji kiedy dziecko nie potrafi wyrazi\u0107 swoich emocji i potrzeb.<\/p>\n<p style=\"text-align: center\">Serdecznie zapraszam do kontaktu wszystkich Rodzic\u00f3w i Opiekun\u00f3w, kt\u00f3rzy chcieliby porozmawia\u0107 o rozwoju swojego dziecka, mo\u017cliwo\u015bciach udzielania mu pomocy w nauce nowych umiej\u0119tno\u015bci oraz o wszystkim innym, co Pa\u0144stwa zastanawia.<\/p>\n<p style=\"text-align: center\"><span style=\"text-decoration: underline\">Godziny dost\u0119pno\u015bci dla Rodzic\u00f3w:<\/span> ka\u017cdy czwartek w godzinach 7:00 \u2013 9:00<\/p>\n<p style=\"text-align: center\">(prosz\u0119 o wcze\u015bniejszy kontakt i um\u00f3wienie si\u0119 na konsultacje &#8211; <em><span style=\"text-decoration: underline\">e-mail: patbie8616@edu.wroclaw.pl<\/span><\/em><\/p>\n<p>[\/vc_column_text][\/vc_tta_section][vc_tta_section title=&#8221;Logopeda&#8221; tab_id=&#8221;1664477900417-6bda726a-d7d7&#8243;][vc_column_text css=&#8221;&#8221;]<\/p>\n<h2 style=\"text-align: center\"><span style=\"font-size: 24pt;color: #800080\">Logopeda<\/span><\/h2>\n<p style=\"text-align: center\">Zaj\u0119cia logopedyczne prowadzi\u00a0 neurologopeda Anna Soja.<\/p>\n<p style=\"text-align: center\">Jestem neurologoped\u0105 i w swojej pracy wspieram rozw\u00f3j mowy oraz komunikacji u dzieci.<br \/>\nPomagam dzieciom z wadami wymowy, op\u00f3\u017anionym rozwojem mowy, trudno\u015bciami w rozumieniu i u\u017cywaniu j\u0119zyka oraz wybi\u00f3rczo\u015bci\u0105 pokarmow\u0105.<br \/>\nZaj\u0119cia logopedyczne odbywaj\u0105 si\u0119 w:<br \/>\nponiedzia\u0142ki (Zaj\u0105czki)<br \/>\nwtorki (Krasnale)<br \/>\n\u015brody (Motyle)<br \/>\nIstotn\u0105 rol\u0119 w powodzeniu terapii logopedycznej odgrywaj\u0105 rodzice oraz systematyczna praca z dzieckiem w domu. Wsp\u00f3\u0142praca logopedy z rodzicem jest kluczowa dla skutecznej terapii logopedycznej. Dziecko zakwalifikowane na zaj\u0119cia powinno posiada\u0107 sw\u00f3j zeszyt, kt\u00f3ry u\u0142atwia kontakt z rodzicami i prac\u0119 nad korygowaniem nieprawid\u0142owej wymowy.<br \/>\nZapraszam Pa\u0144stwa do kontaktu, konsultacje odbywaj\u0105 si\u0119 po wcze\u015bniejszym uzgodnieniu dogodnego terminu:<br \/>\nannsoj2037@edu.wroclaw.pl<br \/>\nAnna Soja<\/p>\n<p>[\/vc_column_text][\/vc_tta_section][\/vc_tta_tabs][\/vc_column][\/vc_row]<\/p>\n<\/div>","protected":false},"excerpt":{"rendered":"<p>[vc_row css=&#8221;.vc_custom_1676616857868{background: #008728 url(https:\/\/przedszkola.edu.wroclaw.pl\/wp-content\/uploads\/sites\/30\/2021\/06\/tlo.png?id=) !important;}&#8221;][vc_column][vc_tta_tabs][vc_tta_section title=&#8221;Cele&#8221; tab_id=&#8221;1606484233605-1d21e2ea-ef57&#8243;][vc_column_text css=&#8221;&#8221;] Cele Zaj\u0119cia logopedyczne wychodz\u0105 naprzeciw potrzebom j\u0119zykowym dzieci. G\u0142\u00f3wnym celem tych zaj\u0119\u0107 jest profilaktyka wad wymowy i zaburze\u0144 mowy, a tak\u017ce wspomaganie [&hellip;]<\/p>\n","protected":false},"author":263,"featured_media":0,"parent":0,"menu_order":0,"comment_status":"closed","ping_status":"closed","template":"","meta":{"ngg_post_thumbnail":0,"footnotes":""},"class_list":["post-634","page","type-page","status-publish","hentry","clearfix"],"_links":{"self":[{"href":"https:\/\/przedszkole148.edu.wroclaw.pl\/index.php\/wp-json\/wp\/v2\/pages\/634","targetHints":{"allow":["GET"]}}],"collection":[{"href":"https:\/\/przedszkole148.edu.wroclaw.pl\/index.php\/wp-json\/wp\/v2\/pages"}],"about":[{"href":"https:\/\/przedszkole148.edu.wroclaw.pl\/index.php\/wp-json\/wp\/v2\/types\/page"}],"author":[{"embeddable":true,"href":"https:\/\/przedszkole148.edu.wroclaw.pl\/index.php\/wp-json\/wp\/v2\/users\/263"}],"replies":[{"embeddable":true,"href":"https:\/\/przedszkole148.edu.wroclaw.pl\/index.php\/wp-json\/wp\/v2\/comments?post=634"}],"version-history":[{"count":18,"href":"https:\/\/przedszkole148.edu.wroclaw.pl\/index.php\/wp-json\/wp\/v2\/pages\/634\/revisions"}],"predecessor-version":[{"id":2063,"href":"https:\/\/przedszkole148.edu.wroclaw.pl\/index.php\/wp-json\/wp\/v2\/pages\/634\/revisions\/2063"}],"wp:attachment":[{"href":"https:\/\/przedszkole148.edu.wroclaw.pl\/index.php\/wp-json\/wp\/v2\/media?parent=634"}],"curies":[{"name":"wp","href":"https:\/\/api.w.org\/{rel}","templated":true}]}}

<div class="wpb-content-wrapper"><p>[vc_row css=&#8221;.vc_custom_1676616857868{background: #008728 url(https://przedszkola.edu.wroclaw.pl/wp-content/uploads/sites/30/2021/06/tlo.png?id=) !important;}&#8221;][vc_column][vc_tta_tabs][vc_tta_section title=&#8221;Cele&#8221; tab_id=&#8221;1606484233605-1d21e2ea-ef57&#8243;][vc_column_text css=&#8221;&#8221;]</p>
<h2 style="text-align: center"><em><strong><span style="font-size: 24pt;color: #0000ff">Cele</span></strong></em><span style="color: #237e15;font-size: 32px"><br />
</span></h2>
<p style="text-align: center"><em><span style="text-decoration: underline"><span style="color: #3366ff;text-decoration: underline">Zajęcia logopedyczne</span></span></em> wychodzą naprzeciw potrzebom językowym dzieci. Głównym celem tych zajęć jest profilaktyka wad wymowy i zaburzeń mowy, a także wspomaganie rozwoju kompetencji językowych, które decydować będą o powodzeniu i sukcesach dziecka w edukacji szkolnej. Nie mniej ważna jest także korekta powstałych już wad czy zaburzeń. Okres przedszkolny to czas, kiedy terapia jest najbardziej efektywna. Nie wolno czekać w nadziei, że dziecko wyrośnie, że jeszcze dojrzeje i zaczynać terapię dopiero w szkole. Wprawdzie na terapię nigdy nie jest za późno, ale będzie to zadanie z różnych powodów o wiele trudniejsze.</p>
<p style="text-align: center"><span style="text-decoration: underline"><em><span style="color: #3366ff;text-decoration: underline">Terapia pedagogiczna</span></em></span> to specjalistyczne działania mające na celu niesienie pomocy dzieciom ujawniającym różnego rodzaju nieprawidłowości rozwoju i zachowania. Ukierunkowana jest ona na korygowanie i kompensowanie zaburzeń psychoruchowego rozwoju dziecka jako jednej z przyczyn niepowodzeń szkolnych. Udzielanie pomocy dzieciom w sferze rozwoju umysłowego, psychicznego i społecznego odbywa się przez zabawę.  Terapia pedagogiczna            w przedszkolu obejmuje usprawnianie funkcji odpowiedzialnych za uczenie się matematyki oraz usprawnianie funkcji słuchowych, wzrokowych, ruchowych i ich właściwej koordynacji.<br />
Podczas pracy z dzieckiem stosowane są metody wspierające i stymulujące naturalny rozwój dziecka oraz angażujące wiele zmysłów: słuch, wzrok, dotyk</p>
<p style="text-align: center">W ramach <em><span style="color: #3366ff"><span style="text-decoration: underline">terapii psychologicznej</span> </span></em>w przedszkolu prowadzone są zajęcia indywidualne z psychologiem. Zajęcia poprzedza obserwacja dziecka, analiza dostępnej dokumentacji oraz diagnoza przeprowadzona przez psychologa. Celem terapii psychologicznej jest próba zatrzymania pogłębiających się nieprawidłowości w rozwoju dziecka oraz wspomożenie jego rozwoju społecznego i emocjonalnego. Nauka większej samodzielności prowadzi do poprawy jakości życia zarówno dziecka, jak i osób mu bliskich.</p>
<p>[/vc_column_text][/vc_tta_section][vc_tta_section title=&#8221;Psycholog&#8221; tab_id=&#8221;1665950466563-f8f585c0-2375&#8243;][vc_column_text css=&#8221;&#8221;]</p>
<h2 style="text-align: center"><span style="font-size: 24pt"><span style="color: #3366ff">Psycholog</span></span></h2>
<div>
<div>
<div style="text-align: center">Bliskie jest mi podejście, w którym najważniejsze są relacje, zaufanie i uważność na dziecko &#8211; jego emocje, potrzeby i codzienne doświadczenia. Tworzę przestrzeń, w której dzieci mogą czuć się bezpiecznie, być sobą i rozwijać swoje kompetencje emocjonalne i społeczne.</div>
<div style="text-align: center">W codziennej pracy pozostaję w kontakcie z rodzicami i opiekunami oraz z zespołem przedszkola. Wierzę, że dzięki takiej współpracy jesteśmy w stanie skuteczniej wspierać dzieci w ich rozwoju oraz w radzeniu sobie z trudnościami.</div>
<div></div>
</div>
</div>
<div style="text-align: center">
<p style="text-align: center">Serdecznie zapraszam Państwa do kontaktu i skorzystania z konsultacji.</p>
<p style="text-align: center">Spotkania odbywają się w piątki, po wcześniejszym umówieniu się mailowo: patnie9449@edu.wroclaw.pl</p>
</div>
<div>
<div>
<div style="text-align: center"></div>
<div style="text-align: center">Patrycja Niedziołko</div>
</div>
</div>
<div></div>
<p>[/vc_column_text][/vc_tta_section][vc_tta_section title=&#8221;Pedagog specjalny&#8221; tab_id=&#8221;1665950270141-ea9ab6bb-56aa&#8221;][vc_column_text css=&#8221;&#8221;]</p>
<h2 style="text-align: center"><span style="font-size: 24pt;color: #008000">Pedagog specjalny</span></h2>
<p style="text-align: center">Pedagog specjalny ma za zadanie diagnozować  indywidualne potrzeby rozwojowe i edukacyjne oraz możliwości psychofizyczne uczniów w celu określenia mocnych stron, predyspozycji, zainteresowań i uzdolnień, a także przyczyn niepowodzeń edukacyjnych lub trudności w funkcjonowaniu w życiu przedszkolnym.  Udzielanie pomocy dzieciom, opiera się na terapii poprzez zabawę i obejmuje wspomaganie rozwoju poznawczego, emocjonalnego i społecznego. Usprawniane są funkcje percepcji wzrokowej i słuchowej, koordynacji wzrokowo – ruchowej, koncentracji uwagi, motoryki małej i dużej, a także samoregulacji kiedy dziecko nie potrafi wyrazić swoich emocji i potrzeb.</p>
<p style="text-align: center">Serdecznie zapraszam do kontaktu wszystkich Rodziców i Opiekunów, którzy chcieliby porozmawiać o rozwoju swojego dziecka, możliwościach udzielania mu pomocy w nauce nowych umiejętności oraz o wszystkim innym, co Państwa zastanawia.</p>
<p style="text-align: center"><span style="text-decoration: underline">Godziny dostępności dla Rodziców:</span> każdy czwartek w godzinach 7:00 – 9:00</p>
<p style="text-align: center">(proszę o wcześniejszy kontakt i umówienie się na konsultacje &#8211; <em><span style="text-decoration: underline">e-mail: patbie8616@edu.wroclaw.pl</span></em></p>
<p>[/vc_column_text][/vc_tta_section][vc_tta_section title=&#8221;Logopeda&#8221; tab_id=&#8221;1664477900417-6bda726a-d7d7&#8243;][vc_column_text css=&#8221;&#8221;]</p>
<h2 style="text-align: center"><span style="font-size: 24pt;color: #800080">Logopeda</span></h2>
<p style="text-align: center">Zajęcia logopedyczne prowadzi  neurologopeda Anna Soja.</p>
<p style="text-align: center">Jestem neurologopedą i w swojej pracy wspieram rozwój mowy oraz komunikacji u dzieci.<br />
Pomagam dzieciom z wadami wymowy, opóźnionym rozwojem mowy, trudnościami w rozumieniu i używaniu języka oraz wybiórczością pokarmową.<br />
Zajęcia logopedyczne odbywają się w:<br />
poniedziałki (Zajączki)<br />
wtorki (Krasnale)<br />
środy (Motyle)<br />
Istotną rolę w powodzeniu terapii logopedycznej odgrywają rodzice oraz systematyczna praca z dzieckiem w domu. Współpraca logopedy z rodzicem jest kluczowa dla skutecznej terapii logopedycznej. Dziecko zakwalifikowane na zajęcia powinno posiadać swój zeszyt, który ułatwia kontakt z rodzicami i pracę nad korygowaniem nieprawidłowej wymowy.<br />
Zapraszam Państwa do kontaktu, konsultacje odbywają się po wcześniejszym uzgodnieniu dogodnego terminu:<br />
annsoj2037@edu.wroclaw.pl<br />
Anna Soja</p>
<p>[/vc_column_text][/vc_tta_section][/vc_tta_tabs][/vc_column][/vc_row]</p>
</div>

<p>[vc_row css=&#8221;.vc_custom_1676616857868{background: #008728 url(https://przedszkola.edu.wroclaw.pl/wp-content/uploads/sites/30/2021/06/tlo.png?id=) !important;}&#8221;][vc_column][vc_tta_tabs][vc_tta_section title=&#8221;Cele&#8221; tab_id=&#8221;1606484233605-1d21e2ea-ef57&#8243;][vc_column_text css=&#8221;&#8221;] Cele Zajęcia logopedyczne wychodzą naprzeciw potrzebom językowym dzieci. Głównym celem tych zajęć jest profilaktyka wad wymowy i zaburzeń mowy, a także wspomaganie [&hellip;]</p>
