
{"id":610,"date":"2023-02-02T21:18:15","date_gmt":"2023-02-02T20:18:15","guid":{"rendered":"https:\/\/przedszkole148.edu.wroclaw.pl\/?page_id=610"},"modified":"2023-03-23T10:49:12","modified_gmt":"2023-03-23T09:49:12","slug":"poradnia-psychologiczno-pedagogiczna","status":"publish","type":"page","link":"https:\/\/przedszkole148.edu.wroclaw.pl\/index.php\/poradnia-psychologiczno-pedagogiczna\/","title":{"rendered":"Poradnia psychologiczno-pedagogiczna"},"content":{"rendered":"<p><span style=\"font-size: 14pt;\">Drodzy rodzice.<\/span><\/p>\n<p><span style=\"font-size: 12pt;\">Nasze przedszkole znajduje si\u0119 pod opiek\u0105 Poradni Psychologiczno-Pedagogiczn\u0105 nr 4 we Wroc\u0142awiu przy ul. Jemio\u0142owej 59.<\/span><\/p>\n<p><span style=\"font-size: 12pt;\">Gabinet terenowy psychologa oraz pedagoga, kt\u00f3rzy diagnozuj\u0105 dzieci z naszego przedszkola z ramienia poradni, znajduje znajduj\u0105 si\u0119 w Zespole Szkolno-Przedszkolnym nr 2 we Wroc\u0142awiu przy ul. Horbaczewskiego 61.<\/span><\/p>\n<p><span style=\"font-size: 12pt;\">Poni\u017cej kontakt oraz godziny pracy psychologa i pedagoga z poradni.<\/span><\/p>\n<p><strong>Bernadetta Habrzyk-Grajewska \u2013 psycholog<\/strong><br \/>\ntel. 71 798 68 30 wew. 206<br \/>\nemail:&nbsp;<a href=\"mailto:Bernadetta.Habrzyk-Grajewska@wroclawskaedukacja.pl\">Bernadetta.Habrzyk-Grajewska@wroclawskaedukacja.pl<\/a><\/p>\n<p>Godziny pracy<\/p>\n<table cellspacing=\"0\" cellpadding=\"7\">\n<tbody>\n<tr valign=\"top\">\n<td>\n<p align=\"center\">Pn<\/p>\n<\/td>\n<td>\n<p align=\"center\">Wt<\/p>\n<\/td>\n<td>\n<p align=\"center\">\u015ar<\/p>\n<\/td>\n<td>\n<p align=\"center\">Czw<\/p>\n<\/td>\n<td>\n<p align=\"center\">Pt<\/p>\n<\/td>\n<\/tr>\n<tr valign=\"top\">\n<td>\n<p align=\"center\">12:00-17:00<\/p>\n<\/td>\n<td>\n<p align=\"center\">8:00-11:00<\/p>\n<\/td>\n<td>\n<p align=\"center\">12:00-16:00<\/p>\n<\/td>\n<td>\n<p align=\"center\">8:00-13:00<\/p>\n<\/td>\n<td>\n<p align=\"center\">8:00-11:00<\/p>\n<\/td>\n<\/tr>\n<\/tbody>\n<\/table>\n<p><strong>Joanna \u0141api\u0144ska \u2013 pedagog<\/strong><br \/>\ntel. 71 798 68 30 wew. 206<br \/>\nemail:&nbsp;<a href=\"mailto:Joanna.Lapinska@wroclawskaedukacja.pl\">Jo<\/a><a href=\"mailto:Joanna.Lapinska@wroclawskaedukacja.pl\">anna.Lapinska@wroclawskaedukacja.pl<\/a><\/p>\n<p>Godziny pracy<\/p>\n<table cellspacing=\"0\" cellpadding=\"7\">\n<tbody>\n<tr valign=\"top\">\n<td>\n<p align=\"center\">Pn<\/p>\n<\/td>\n<td>\n<p align=\"center\">Wt<\/p>\n<\/td>\n<td>\n<p align=\"center\">\u015ar<\/p>\n<\/td>\n<td>\n<p align=\"center\">Czw<\/p>\n<\/td>\n<td>\n<p align=\"center\">Pt<\/p>\n<\/td>\n<\/tr>\n<tr valign=\"top\">\n<td>\n<p align=\"center\">8:30-11:30<\/p>\n<\/td>\n<td>\n<p align=\"center\">11:00-16:00<\/p>\n<\/td>\n<td>\n<p align=\"center\">8:30-11:30<\/p>\n<\/td>\n<td>\n<p align=\"center\">13:00-18:00<\/p>\n<\/td>\n<td>\n<p align=\"center\">10:00-14:00<\/p>\n<\/td>\n<\/tr>\n<\/tbody>\n<\/table>\n<p>&nbsp;<\/p>\n<p style=\"text-align: center;\">Szczeg\u00f3\u0142owe informacje dotycz\u0105ce poradni oraz procesu diagnozy dziecka znajduj\u0105 na stronie:&nbsp; <span style=\"text-decoration: underline;\"><strong><a href=\"https:\/\/ppp4.wroc.pl\/\" target=\"_blank\" rel=\"noopener\">www.ppp4.wroc.pl<\/a><\/strong><\/span><\/p>\n","protected":false},"excerpt":{"rendered":"<p>Drodzy rodzice. Nasze przedszkole znajduje si\u0119 pod opiek\u0105 Poradni Psychologiczno-Pedagogiczn\u0105 nr 4 we Wroc\u0142awiu przy ul. Jemio\u0142owej 59. Gabinet terenowy psychologa oraz pedagoga, kt\u00f3rzy diagnozuj\u0105 dzieci z naszego przedszkola z [&hellip;]<\/p>\n","protected":false},"author":263,"featured_media":0,"parent":0,"menu_order":0,"comment_status":"closed","ping_status":"closed","template":"","meta":{"ngg_post_thumbnail":0,"footnotes":""},"class_list":["post-610","page","type-page","status-publish","hentry","clearfix"],"_links":{"self":[{"href":"https:\/\/przedszkole148.edu.wroclaw.pl\/index.php\/wp-json\/wp\/v2\/pages\/610","targetHints":{"allow":["GET"]}}],"collection":[{"href":"https:\/\/przedszkole148.edu.wroclaw.pl\/index.php\/wp-json\/wp\/v2\/pages"}],"about":[{"href":"https:\/\/przedszkole148.edu.wroclaw.pl\/index.php\/wp-json\/wp\/v2\/types\/page"}],"author":[{"embeddable":true,"href":"https:\/\/przedszkole148.edu.wroclaw.pl\/index.php\/wp-json\/wp\/v2\/users\/263"}],"replies":[{"embeddable":true,"href":"https:\/\/przedszkole148.edu.wroclaw.pl\/index.php\/wp-json\/wp\/v2\/comments?post=610"}],"version-history":[{"count":2,"href":"https:\/\/przedszkole148.edu.wroclaw.pl\/index.php\/wp-json\/wp\/v2\/pages\/610\/revisions"}],"predecessor-version":[{"id":613,"href":"https:\/\/przedszkole148.edu.wroclaw.pl\/index.php\/wp-json\/wp\/v2\/pages\/610\/revisions\/613"}],"wp:attachment":[{"href":"https:\/\/przedszkole148.edu.wroclaw.pl\/index.php\/wp-json\/wp\/v2\/media?parent=610"}],"curies":[{"name":"wp","href":"https:\/\/api.w.org\/{rel}","templated":true}]}}